 be z(-10). What is v(o)?
17
Let i(z) = z**3 + 3*z**2 - 3*z + 6. Let w = -266 - -262. What is i(w)?
2
Let d(l) = -l + 2. Let x be 0/((-12)/(-2) - 4). Suppose 9*y - 41 + 68 = x. What is d(y)?
5
Suppose 3*b - 15 = -4*s, b + 11 = 4*s - 0. Let j(t) = -2*t**2 + t**2 + 3*t**2 - t + 3*t**2 - t**s. Let y = -682 - -687. Calculate j(y).
-5
Suppose 165*k = 205*k - 80. Let f(g) = 6*g**2 + 2*g - 2. What is f(k)?
26
Suppose 5*s = 43 - 33. Let a be s/2*(28 + -28). Let c(j) = j**2 + 6. What is c(a)?
6
Let z(m) = -m**3 - 3*m**2 + 3*m + 1. Let q be z(-4). Suppose q*k + 0 = 20. Let x(n) = 10 - k*n**2 + 4*n + 10 - 23. Give x(2).
-11
Let y(d) = 11*d - 7. Let j(w) = 3*w - 1. Let s(b) = 4*j(b) - y(b). What is s(6)?
9
Let u(m) = -25*m**3 + m**2 - m. Let l(a) = -3*a + 22. Let p be l(7). What is u(p)?
-25
Suppose 0 = -3*h, 5*h - 8 - 2 = -5*y. Let w(o) = -y*o + o + 4 + 3*o. Let q be 2/12 - 38*(-2)/(-24). Calculate w(q).
-2
Let f be 150/45 + 5/((-75)/(-10)). Let h(z) = -z**3 + 4*z**2 - z + 1. What is h(f)?
-3
Let a(f) = -f**2 - 8*f + 2. Suppose 42 = -26*h + 19*h. What is a(h)?
14
Let s(i) be the second derivative of i**5/20 + i**4/2 + 5*i**3/6 + 4*i**2 + 28*i. Let b be s(-5). Let k(h) = h**2 - 11*h + 10. Determine k(b).
-14
Let w(b) = 2*b - 20. Let d be w(11). Suppose 10 = d*p - 4*v, -p + v = 4*v - 10. Let j(i) = i + 8. What is j(p)?
15
Let l(j) = -2*j**2 + 22*j - 39. Let k be l(8). Let v(q) = -k*q**3 + 2*q + 11*q**3 - 2*q. Determine v(-1).
-2
Let n(j) = -j**3 + 3*j**2 + 3*j + 1. Suppose -8*c + 11*c + 36 = 0. Let u = c - -15. Determine n(u).
10
Let f(d) = -d**3 - d**2 + 3*d - 2. Let c be (-28)/98*(-5 - 2). What is f(c)?
-8
Suppose 7*n - 2*n = -30. Let f(o) = 694*o**2 - 2778*o**2 + 699*o**2 + 691*o**2 + 695*o**2 + 6 + 8*o. Give f(n).
-6
Let v(q) = -q**3 + 4*q**2 + 6*q - 7. Suppose 0 = 4*w - 10 - 6. Suppose -w*p - 8 = -28. Give v(p).
-2
Let a(u) be the third derivative of u**7/2520 + u**6/120 - u**5/20 - 3*u**4/8 - 8*u**2. Let r(c) be the second derivative of a(c). Calculate r(-5).
-11
Let x(z) = -6*z - 37. Suppose -475*h = -455*h + 140. Calculate x(h).
5
Let c be -1 + (-13)/(-9) + (-150)/(-27). Let m(k) = 4*k - 20. Calculate m(c).
4
Let v be 3*-3*(-8)/36. Let p(j) = 2*j**3 + 4*j + 5*j**2 - 10*j**3 + 9*j**3 + v. Give p(-3).
8
Let u(v) = 5*v**3 - 14*v**2 - 10*v + 14. Let x(t) = 6*t**3 - 15*t**2 - 10*t + 15. Let a(s) = 7*u(s) - 6*x(s). Determine a(-6).
-4
Suppose -54*w + 39*w + 105 = 0. Let s(g) = g**2 - 6*g - 9. Give s(w).
-2
Let i(u) = -7*u**3 - 9*u**2 - 10. Let y(v) = 11*v**3 + 13*v**2 + 15. Suppose -4*o + 13 + 13 = 3*q, 3*o - 4*q - 7 = 0. Let g(x) = o*y(x) + 8*i(x). What is g(-7)?
-5
Let y be (1 - -2)/((-3)/(-2)). Let a(v) = v**2 + 0*v**y + 3*v**2 + 1 - 3*v**2 - 7*v**3 - v. Give a(1).
-6
Let w(a) = -1 + 2 - 8*a**2 + 7*a + 2 + a**3. Let u(h) = 6*h + 109. Let c be u(-17). Determine w(c).
3
Let q(p) = -p**3 - 12*p**2 - p - 16. Let y = 50 + -62. What is q(y)?
-4
Let p = -2878 + 2870. Let r(b) = -2*b**2 - 18*b - 27. Give r(p).
-11
Let x(q) be the second derivative of q**5/120 + 7*q**4/24 + 35*q**3/6 - 8*q. Let m(f) be the second derivative of x(f). Determine m(-11).
-4
Let a(v) = -2 + v - 7 + 1. Let k = -565 + 572. Determine a(k).
-1
Suppose 0*n - 5*n + 25 = 0. Let i be 99/n + (-6)/(-30). Let j(x) = -10*x - 1 + i*x - 9*x + x**2. Determine j(1).
1
Let s(h) = 0*h**2 + 2*h + 0*h - h**3 - 9*h**2 - 1 + 13*h**2. Let r be s(4). Let n(l) = r*l**2 + 3*l + l**3 + 2*l + 3 - l**2. Determine n(-5).
3
Let l(u) = -2*u**3 - 4*u**2 + 13*u - 5. Let s(c) = -c**3 - 2*c**2 + 7*c - 3. Let q(h) = 3*l(h) - 5*s(h). Calculate q(-3).
-3
Let g = 18 - 12. Let p(i) = -i. Let q(r) = -8*r + 6. Let c(h) = g*p(h) - q(h). Let j be c(3). Let v(s) = s + 7. Give v(j).
7
Suppose 0 = -20*g + 2459 - 2319. Let f(x) = 2*x + 3 + 3*x - 2 - x**2. Give f(g).
-13
Let o(z) = z**3 - 6*z**2 - 2*z + 14. Suppose -5*d + s = -34, 8 = -5*d - 2*s + 30. Calculate o(d).
2
Let q(d) be the third derivative of 1/24*d**4 + 0 + 1/30*d**5 + 0*d + 0*d**3 - 11*d**2. Determine q(2).
10
Let d(r) = r**3 - 2*r**2 + 2*r - 3. Let h be d(2). Let x be 3/((-1)/((-1)/h)). Suppose -2*y + 5 - x = 0. Let j(l) = l + 1. Determine j(y).
2
Let c(l) = -2*l + 5. Let t(j) = -j**3 + 28*j**2 + 23*j + 160. Let a be t(29). Determine c(a).
33
Let n(c) = -6*c**3 + c**2 + c + 1. Suppose -29 = 7*v - 3*v - 5*a, 0 = -4*v + 3*a - 19. Give n(v).
7
Let z(y) = y - 1. Let f(j) = -1. Let o(p) = -3*p - 3. Let b(n) = 9*f(n) - o(n). Let d(u) = 3*b(u) - 12*z(u). Calculate d(-4).
6
Let g(t) = t**3 - 6*t**2 - 2*t + 8. Let w be 1/(124/64 - 2). Let c(z) = -z - 10. Let n be c(w). What is g(n)?
-4
Suppose -c + 33 = -4*a, -23 - 18 = 3*a - 4*c. Let b(w) = -3*w - 1. What is b(a)?
20
Let t(w) = -634 - 15*w + 616 + 3*w**3 - 4*w**3 + 2*w**2 - 17*w**2. Calculate t(-14).
-4
Suppose 2*f = -5 + 27. Suppose 0 = -5*z - u - 16, -f = z + u - 7. Let g(d) = d**2 + 2*d + 2. Give g(z).
5
Let r be 14 - 12/3 - 4 - 4. Let p(m) = 0*m**r - m - 3*m**2 - m**3 - 2*m**2 + 9*m**2 - 4. Calculate p(4).
-8
Let u(x) be the third derivative of x**4/24 - 10*x**3/3 + 3*x**2 - 2*x. What is u(9)?
-11
Let p(t) = -t - 31. Suppose 2*v + 5*c = -37, 167*v = 171*v + 3*c + 95. What is p(v)?
-5
Let s(l) = l - 1. Let t(m) = -m. Let v = -25 - -11. Let j = 15 + v. Let r(i) = j*t(i) + 2*s(i). Give r(-3).
-5
Let f(y) = -y**2 + 2*y + 5. Let p be (-267)/(-39) + (-4)/(-26). Suppose -p*t + 4*t + 5 = 5*k, 19 = k - 3*t. Give f(k).
-3
Let p(c) = -4*c + 4. Suppose 2*j - 8 = 0, 4*j = -0*u + 3*u - 62. Let l = u - 29. Calculate p(l).
16
Suppose 4*s - 17 = 3. Suppose 21 = 5*o + 3*d, 0*o + s*d = 2*o - 27. Suppose 14 = -4*y + o. Let v(t) = -6*t + 2. Determine v(y).
14
Let m be (-5 - (-7 + 4)) + 8. Let y(i) = 9*i - 1. Calculate y(m).
53
Let i(j) = 2*j - 2 - 3*j**2 + 2*j**3 + 0*j**3 - j**3. Let r = 43 + -58. Let n be 1/((-3)/r) + -3. Give i(n).
-2
Suppose -16 = -s - 4. Let c be ((-4)/s)/((-5)/(-75)). Let z(i) = -3*i**2 - 2*i - 1. Let p(n) = -13*n**2 - 7*n - 5. Let j(m) = 2*p(m) - 9*z(m). What is j(c)?
4
Let t(s) be the second derivative of -s**3/6 + 8*s**2 + 98*s. Determine t(16).
0
Let a = -10 - -24. Let n = -10 + a. Let l(d) = -14 + 27 - 10 - d**2. Determine l(n).
-13
Let h be (114 - 102)*(-1)/3. Let a(m) = -m**2 - 4*m + 5. What is a(h)?
5
Suppose -4*t + 11*t = 49. Suppose t*o - o = 0. Let h(z) = z**2 - z + 5. What is h(o)?
5
Let i(z) be the third derivative of -z**4/24 - z**3/6 - 5*z**2. Suppose -16 = -11*b + 6. Calculate i(b).
-3
Let z(i) = 5*i**2 - 26*i - 17. Let f(y) = -3*y**2 + 12*y + 8. Let a(r) = 13*f(r) + 6*z(r). Calculate a(2).
-34
Let u(z) = z - 14. Let b be ((-20)/(-6))/(1001/(-78) + 13). Calculate u(b).
6
Let d(i) = -5*i**3 + 19*i**2 - 37*i + 24. Let h(u) = u**3 - 5*u**2 + 9*u - 6. Let t(g) = g - 10. Let c be t(12). Let p(w) = c*d(w) + 9*h(w). Calculate p(-8).
2
Suppose -h = -3, h - 3*h = -3*t. Let u be (-10)/8 - ((-9)/4 + t). Let w(j) = 6*j**2 + 1. Determine w(u).
7
Let h(l) be the third derivative of l**5/30 - l**4/24 + l**3/3 - 13*l**2. Let n = 0 - 2. Determine h(n).
12
Let d(v) = v**2 + v - 7. Let c(z) = -z**3 - 5*z**2 + 17*z + 17. Let u be c(-7). Calculate d(u).
5
Let m(h) = 4*h + 0*h**3 - 6*h**2 - 7*h + 2*h**3 + 7*h - h**3 + 4. Give m(4).
-12
Let w(o) = -o + 24. Suppose 11*u = 16*u + 4*q + 8, 7*q = 3*u - 14. What is w(u)?
24
Let k(y) be the third derivative of 32*y**2 + 2/3*y**4 + 0*y + 0 - 1/6*y**3. What is k(1)?
15
Let j(c) = -5*c**3 + 3*c + 2. Let x(w) = 4*w**3 - w**2 - 6*w - 6. Let m(d) = d + 1. Let z(k) = -4*m(k) - x(k). Let q(u) = 5*j(u) - 6*z(u). Calculate q(-6).
-20
Suppose 93*o - 59*o + 170 = 0. Let i(j) = 3*j**3 - 6*j**2 - 5*j + 6. Let q(z) = 7*z**3 - 12*z**2 - 10*z + 12. Let g(d) = -9*i(d) + 4*q(d). Give g(o).
-6
Let i(q) = 12*q**2 - 14*q + 20. Let f(g) = 5*g**2. Let d(x) = 3*f(x) - i(x). Determine d(-6).
4
Suppose 4*d + 8 = y, 2*y = -236*d + 239*d + 16. Let i(h) be the second derivative of h**3/6 - h**2/2 + h. Determine i(y).
7
Let r = -530 - -533. Let b(x) = -16*x. Give b(r).
-48
Let k(i) be the second derivative of i**5/20 - i**4/12 - i**2 + 47*i. Give k(2).
2
Let x be 310/(-60) + 5/30. Let q(i) = i + 3. What is q(x)?
-2
Suppose 0 = 2*r - 4*v + 8, 0 = -3*r + 6*r - 5*v + 9. Let h(b) = b - 6. Let m(s) = -3*s + 11. Let j(q) = 7*h(q) + 4*m(q). Calculate j(r).
-8
Suppose 5*n = -4*z - 16, 5*n + 2*z = -3 - 5. Let w be (